{"id":196,"date":"2017-04-08T10:26:08","date_gmt":"2017-04-08T10:26:08","guid":{"rendered":"http:\/\/www.mgdiyanet.de\/?page_id=196"},"modified":"2017-04-08T10:27:05","modified_gmt":"2017-04-08T10:27:05","slug":"2017-dini-guenler-takvimi","status":"publish","type":"page","link":"https:\/\/www.mgdiyanet.de\/de\/2017-dini-guenler-takvimi","title":{"rendered":"Wichtige religi\u00f6se Feiertage im islamischen Kalender 2017"},"content":{"rendered":"<table class=\"gun\" border=\"0\" cellspacing=\"0\" cellpadding=\"0\">\n<tbody>\n<tr>\n<th>Dini G\u00fcnler<\/th>\n<th>Datum<\/th>\n<th>Religi\u00f6ser Feiertage<\/th>\n<\/tr>\n<tr>\n<td>\u00dc\u00e7 Aylar\u0131n Ba\u015flang\u0131c\u0131<\/td>\n<td>29.03.2017<\/td>\n<td>Beginn der \u201eGesegneten Drei Monate<\/td>\n<\/tr>\n<tr>\n<td>Regaib Kandili<\/td>\n<td>30.03.2017<\/td>\n<td>Regaib-Nacht \u0644\u064a\u0644\u0629 \u0627\u0644\u0631\u063a\u0627\u0626\u0628<\/td>\n<\/tr>\n<tr>\n<td>Mira\u00e7 Kandili<\/td>\n<td>23.04.2017<\/td>\n<td>Nacht der Himmelfahrt des Propheten \/ \u0644\u064a\u0644\u0629 \u0627\u0644\u0627\u0633\u0631\u0627\u0621 \u0648 \u0627\u0644\u0645\u0639\u0631\u0627\u062c<\/td>\n<\/tr>\n<tr>\n<td>Berat Kandili<\/td>\n<td>10.05.2017<\/td>\n<td>Berat-Nacht \u0644\u064a\u0644\u0629 \u0627\u0644\u0628\u0631\u0627\u0621\u0629 \/ \u0646\u0635\u0641 \u0634\u0639\u0628\u0627\u0646<\/td>\n<\/tr>\n<tr>\n<td>Ramazan Ba\u015flang\u0131c\u0131<\/td>\n<td>27.05.2017<\/td>\n<td>Ramadan-Beginn<\/td>\n<\/tr>\n<tr>\n<td>Kadir Gecesi<\/td>\n<td>21.06.2017<\/td>\n<td>Nacht der Bestimmung \u0644\u064a\u0644\u0629 \u0627\u0644\u0642\u062f\u0631<\/td>\n<\/tr>\n<tr>\n<td>Ramazan Bayram\u0131 Arefesi<\/td>\n<td>21.06.2017<\/td>\n<td>Vortag des Ramadanfestes<\/td>\n<\/tr>\n<tr>\n<td>Ramazan Bayram\u0131<\/td>\n<td>25-26-27.06.2017<\/td>\n<td>Ramadanfest \u0639\u064a\u062f \u0631\u0645\u0636\u0627\u0646<\/td>\n<\/tr>\n<tr>\n<td>Kurban Bayram\u0131 Arefesi<\/td>\n<td>31.08.2017<\/td>\n<td>Vortag des Opferfestes<\/td>\n<\/tr>\n<tr>\n<td>Kurban Bayram\u0131<\/td>\n<td>01-02-03-04.09.2017<\/td>\n<td>Opferfest \u0639\u064a\u062f \u0627\u0644\u0627\u0636\u062d\u0649<\/td>\n<\/tr>\n<tr>\n<td>Hicri Y\u0131lba\u015f\u0131<\/td>\n<td>21.09.2017<\/td>\n<td>Neujahr nach dem islam. Kalender<\/td>\n<\/tr>\n<tr>\n<td>A\u015fure G\u00fcn\u00fc<\/td>\n<td>30.09.2017<\/td>\n<td>Aschura-Tag<\/td>\n<\/tr>\n<tr>\n<td>Mevlid Kandili<\/td>\n<td>29.11.2017<\/td>\n<td>Die Nacht der Geburt des Propheten\u0645\u0648\u0644\u062f \u0627\u0644\u0646\u0628\u064a<\/td>\n<\/tr>\n<\/tbody>\n<\/table>\n<p>&nbsp;<\/p>\n<hr \/>\n<p><strong>Begriffserl\u00e4uterung:<\/strong><\/p>\n<ul>\n<ul>\n<li>Aschura-Fest:<br \/>\nDas Fest erinnert an gro\u00dfe Ereignisse wie:<br \/>\n&#8211; Die Erschaffung der Erde und der Himmel<br \/>\n&#8211; Die Anerkennung der Reue Adams durch Gott<br \/>\n&#8211; Die Errettung Noahs durch die Sintflut<br \/>\n&#8211; Die Errettung Abrahams durch das Feuer<br \/>\n&#8211; Die Errettung des Propheten Moses in \u00c4qypten<br \/>\nAn diesem Tag fasten die Muslime, zudem bereiten Sie eine Aschura S\u00fc\u00dfspeise, die auf<br \/>\nNoah zur\u00fcckgef\u00fchrt wird.<\/li>\n<li>Mevlid Kandil: Nacht der Geburt des Propheten<br \/>\n(Geburtstag des Propheten Muhammed). Dieser Tag bzw. die Nacht ist seinem Gedenken gewidmet. Diese Nacht gilt als eine der f\u00fcnf gesegneten N\u00e4chte im Islam<\/li>\n<li>Den Auftakt der heiligen drei Monate macht die Ragaib Nacht<\/li>\n<li>Miradsch Kandil: &#8222;Nacht der Himmelfahrt des Propheten&#8220;<br \/>\nHier wird der Himmelsreise des Propheten Muhammad (a.s.) gedacht.<\/li>\n<\/ul>\n<\/ul>\n<p>&nbsp;<\/p>\n<ul>\n<li>Berat Kandil: &#8222;Nacht der Vergebung&#8220;<br \/>\nIn der Nacht des Schuldenerlasses bitten die Menschen Allah um Vergebung<\/li>\n<li>1. Ramadan (Beginn des Fastenmonats)<\/li>\n<li>Kadir Gecesi: &#8222;Nacht der Offenbarung des Korans&#8220;<br \/>\nDie Nacht in der zum ersten Mal Verse des Koran durch den<br \/>\nErzengel Gabriel an den Propheten Muhammad (a.s.) offenbart wurden.<\/li>\n<li>Ramadan Fest<\/li>\n<li>Hicri Y\u0131lba\u015f\u0131 Neujahr nach islamischer Zeitrechnung<\/li>\n<\/ul>\n<p>Wie kann in deutscher Sprache zu den islamischen Feiertagen gratuliert werden?<\/p>\n<p>Ramadan- und Opferfest:<br \/>\nAuf Deutsch: <em>Gesegnetes Fest \u2013 Frohes\/sch\u00f6nes Fest <\/em><br \/>\nAuf T\u00fcrkisch: <em>Bayram\u0131n\u0131z m\u00fcbarek olsun<\/em>.<\/p>\n","protected":false},"excerpt":{"rendered":"<p>Dini G\u00fcnler Datum Religi\u00f6ser Feiertage \u00dc\u00e7 Aylar\u0131n Ba\u015flang\u0131c\u0131 29.03.2017 Beginn der \u201eGesegneten Drei Monate Regaib Kandili 30.03.2017 Regaib-Nacht \u0644\u064a\u0644\u0629 \u0627\u0644\u0631\u063a\u0627\u0626\u0628 Mira\u00e7 Kandili 23.04.2017 Nacht der Himmelfahrt des Propheten \/ \u0644\u064a\u0644\u0629 \u0627\u0644\u0627\u0633\u0631\u0627\u0621 \u0648 \u0627\u0644\u0645\u0639\u0631\u0627\u062c Berat Kandili 10.05.2017 Berat-Nacht \u0644\u064a\u0644\u0629 \u0627\u0644\u0628\u0631\u0627\u0621\u0629 \/ \u0646\u0635\u0641 \u0634\u0639\u0628\u0627\u0646 Ramazan Ba\u015flang\u0131c\u0131 27.05.2017 Ramadan-Beginn Kadir Gecesi 21.06.2017 Nacht der Bestimmung \u0644\u064a\u0644\u0629 \u0627\u0644\u0642\u062f\u0631 Ramazan [&hellip;]<\/p>\n","protected":false},"author":1,"featured_media":0,"parent":0,"menu_order":0,"comment_status":"closed","ping_status":"closed","template":"","meta":[],"translation":{"provider":"WPGlobus","version":"2.6.0","language":"de","enabled_languages":["tr","de"],"languages":{"tr":{"title":true,"content":true,"excerpt":false},"de":{"title":true,"content":true,"excerpt":false}}},"_links":{"self":[{"href":"https:\/\/www.mgdiyanet.de\/de\/wp-json\/wp\/v2\/pages\/196"}],"collection":[{"href":"https:\/\/www.mgdiyanet.de\/de\/wp-json\/wp\/v2\/pages"}],"about":[{"href":"https:\/\/www.mgdiyanet.de\/de\/wp-json\/wp\/v2\/types\/page"}],"author":[{"embeddable":true,"href":"https:\/\/www.mgdiyanet.de\/de\/wp-json\/wp\/v2\/users\/1"}],"replies":[{"embeddable":true,"href":"https:\/\/www.mgdiyanet.de\/de\/wp-json\/wp\/v2\/comments?post=196"}],"version-history":[{"count":5,"href":"https:\/\/www.mgdiyanet.de\/de\/wp-json\/wp\/v2\/pages\/196\/revisions"}],"predecessor-version":[{"id":494,"href":"https:\/\/www.mgdiyanet.de\/de\/wp-json\/wp\/v2\/pages\/196\/revisions\/494"}],"wp:attachment":[{"href":"https:\/\/www.mgdiyanet.de\/de\/wp-json\/wp\/v2\/media?parent=196"}],"curies":[{"name":"wp","href":"https:\/\/api.w.org\/{rel}","templated":true}]}}

Wichtige religiöse Feiertage im islamischen Kalender 2017

<table class="gun" border="0" cellspacing="0" cellpadding="0">
<tbody>
<tr>
<th>Dini Günler</th>
<th>Datum</th>
<th>Religiöser Feiertage</th>
</tr>
<tr>
<td>Üç Ayların Başlangıcı</td>
<td>29.03.2017</td>
<td>Beginn der „Gesegneten Drei Monate</td>
</tr>
<tr>
<td>Regaib Kandili</td>
<td>30.03.2017</td>
<td>Regaib-Nacht ليلة الرغائب</td>
</tr>
<tr>
<td>Miraç Kandili</td>
<td>23.04.2017</td>
<td>Nacht der Himmelfahrt des Propheten / ليلة الاسراء و المعراج</td>
</tr>
<tr>
<td>Berat Kandili</td>
<td>10.05.2017</td>
<td>Berat-Nacht ليلة البراءة / نصف شعبان</td>
</tr>
<tr>
<td>Ramazan Başlangıcı</td>
<td>27.05.2017</td>
<td>Ramadan-Beginn</td>
</tr>
<tr>
<td>Kadir Gecesi</td>
<td>21.06.2017</td>
<td>Nacht der Bestimmung ليلة القدر</td>
</tr>
<tr>
<td>Ramazan Bayramı Arefesi</td>
<td>21.06.2017</td>
<td>Vortag des Ramadanfestes</td>
</tr>
<tr>
<td>Ramazan Bayramı</td>
<td>25-26-27.06.2017</td>
<td>Ramadanfest عيد رمضان</td>
</tr>
<tr>
<td>Kurban Bayramı Arefesi</td>
<td>31.08.2017</td>
<td>Vortag des Opferfestes</td>
</tr>
<tr>
<td>Kurban Bayramı</td>
<td>01-02-03-04.09.2017</td>
<td>Opferfest عيد الاضحى</td>
</tr>
<tr>
<td>Hicri Yılbaşı</td>
<td>21.09.2017</td>
<td>Neujahr nach dem islam. Kalender</td>
</tr>
<tr>
<td>Aşure Günü</td>
<td>30.09.2017</td>
<td>Aschura-Tag</td>
</tr>
<tr>
<td>Mevlid Kandili</td>
<td>29.11.2017</td>
<td>Die Nacht der Geburt des Prophetenمولد النبي</td>
</tr>
</tbody>
</table>
<p>&nbsp;</p>
<hr />
<p><strong>Begriffserläuterung:</strong></p>
<ul>
<ul>
<li>Aschura-Fest:<br />
Das Fest erinnert an große Ereignisse wie:<br />
&#8211; Die Erschaffung der Erde und der Himmel<br />
&#8211; Die Anerkennung der Reue Adams durch Gott<br />
&#8211; Die Errettung Noahs durch die Sintflut<br />
&#8211; Die Errettung Abrahams durch das Feuer<br />
&#8211; Die Errettung des Propheten Moses in Äqypten<br />
An diesem Tag fasten die Muslime, zudem bereiten Sie eine Aschura Süßspeise, die auf<br />
Noah zurückgeführt wird.</li>
<li>Mevlid Kandil: Nacht der Geburt des Propheten<br />
(Geburtstag des Propheten Muhammed). Dieser Tag bzw. die Nacht ist seinem Gedenken gewidmet. Diese Nacht gilt als eine der fünf gesegneten Nächte im Islam</li>
<li>Den Auftakt der heiligen drei Monate macht die Ragaib Nacht</li>
<li>Miradsch Kandil: &#8222;Nacht der Himmelfahrt des Propheten&#8220;<br />
Hier wird der Himmelsreise des Propheten Muhammad (a.s.) gedacht.</li>
</ul>
</ul>
<p>&nbsp;</p>
<ul>
<li>Berat Kandil: &#8222;Nacht der Vergebung&#8220;<br />
In der Nacht des Schuldenerlasses bitten die Menschen Allah um Vergebung</li>
<li>1. Ramadan (Beginn des Fastenmonats)</li>
<li>Kadir Gecesi: &#8222;Nacht der Offenbarung des Korans&#8220;<br />
Die Nacht in der zum ersten Mal Verse des Koran durch den<br />
Erzengel Gabriel an den Propheten Muhammad (a.s.) offenbart wurden.</li>
<li>Ramadan Fest</li>
<li>Hicri Yılbaşı Neujahr nach islamischer Zeitrechnung</li>
</ul>
<p>Wie kann in deutscher Sprache zu den islamischen Feiertagen gratuliert werden?</p>
<p>Ramadan- und Opferfest:<br />
Auf Deutsch: <em>Gesegnetes Fest – Frohes/schönes Fest </em><br />
Auf Türkisch: <em>Bayramınız mübarek olsun</em>.</p>

<p>Dini Günler Datum Religiöser Feiertage Üç Ayların Başlangıcı 29.03.2017 Beginn der „Gesegneten Drei Monate Regaib Kandili 30.03.2017 Regaib-Nacht ليلة الرغائب Miraç Kandili 23.04.2017 Nacht der Himmelfahrt des Propheten / ليلة الاسراء و المعراج Berat Kandili 10.05.2017 Berat-Nacht ليلة البراءة / نصف شعبان Ramazan Başlangıcı 27.05.2017 Ramadan-Beginn Kadir Gecesi 21.06.2017 Nacht der Bestimmung ليلة القدر Ramazan [&hellip;]</p>
